{"id":103,"date":"2023-10-08T21:46:44","date_gmt":"2023-10-09T00:46:44","guid":{"rendered":"http:\/\/designemoveis.com.br\/?post_type=product&#038;p=103"},"modified":"2023-10-08T21:47:49","modified_gmt":"2023-10-09T00:47:49","slug":"pofit-azul-cinza","status":"publish","type":"product","link":"http:\/\/designemoveis.com.br\/index.php\/product\/pofit-azul-cinza\/","title":{"rendered":"Pofit ( azul\/ cinza )"},"content":{"rendered":"<div id=\"banner-item-1\" class=\"banner-item\">\n<div class=\"swiper-container2 i-banner detail-pointbanner-css swiper-container-horizontal swiper-container-fade\">\n<div class=\"swiper-wrapper\">\n<div class=\"swiper-slide swiper-slide-active\" data-swiper-slide-index=\"3\">\n<div class=\"ad-banner detail-banner-css\">\n<h2 class=\"banner-inner-box inner-box-width black-text fr\">Pofit<\/h2>\n<p>esque\u00e7a tudo que voc\u00ea entende por cadeiras .<\/p>\n<\/div>\n<\/div>\n<\/div>\n<div class=\"swiper-pagination swiper-pagination-clickable swiper-pagination-bullets\"><\/div>\n<\/div>\n<\/div>\n<footer>\n<div class=\"footer-share\">\n<div class=\"footer-share-box w1100 clearfix\"><\/div>\n<\/div>\n<\/footer>\n","protected":false},"excerpt":{"rendered":"<p>CARACTER\u00cdSTICAS<\/p>\n<ul>\n<li>Ajuste de alavanca \u00fanica<\/li>\n<li>Controle de tens\u00e3o<\/li>\n<li>Bloqueio de inclina\u00e7\u00e3o<\/li>\n<li>Suporte lombar autom\u00e1tico<\/li>\n<li>Mecanismo de inclina\u00e7\u00e3o sincronizada<\/li>\n<li>Ajuste de\u00a0altura do assento<\/li>\n<li>Assento em cascata Ajuste de altura do encosto<\/li>\n<li>Ajuste de profundidade do assento<\/li>\n<li>Altura do bra\u00e7o, profundidade e ajuste de rota\u00e7\u00e3o<\/li>\n<li>Encosto de cabe\u00e7a opcional com ajuste de altura e \u00e2ngulo<\/li>\n<li>Cabide opcional<\/li>\n<\/ul>\n","protected":false},"featured_media":126,"comment_status":"open","ping_status":"closed","template":"","meta":[],"product_cat":[20],"product_tag":[21,28,26,23],"_links":{"self":[{"href":"http:\/\/designemoveis.com.br\/index.php\/wp-json\/wp\/v2\/product\/103"}],"collection":[{"href":"http:\/\/designemoveis.com.br\/index.php\/wp-json\/wp\/v2\/product"}],"about":[{"href":"http:\/\/designemoveis.com.br\/index.php\/wp-json\/wp\/v2\/types\/product"}],"replies":[{"embeddable":true,"href":"http:\/\/designemoveis.com.br\/index.php\/wp-json\/wp\/v2\/comments?post=103"}],"wp:featuredmedia":[{"embeddable":true,"href":"http:\/\/designemoveis.com.br\/index.php\/wp-json\/wp\/v2\/media\/126"}],"wp:attachment":[{"href":"http:\/\/designemoveis.com.br\/index.php\/wp-json\/wp\/v2\/media?parent=103"}],"wp:term":[{"taxonomy":"product_cat","embeddable":true,"href":"http:\/\/designemoveis.com.br\/index.php\/wp-json\/wp\/v2\/product_cat?post=103"},{"taxonomy":"product_tag","embeddable":true,"href":"http:\/\/designemoveis.com.br\/index.php\/wp-json\/wp\/v2\/product_tag?post=103"}],"curies":[{"name":"wp","href":"https:\/\/api.w.org\/{rel}","templated":true}]}}