{"id":110,"date":"2023-10-08T21:46:45","date_gmt":"2023-10-09T00:46:45","guid":{"rendered":"http:\/\/designemoveis.com.br\/?post_type=product&#038;p=110"},"modified":"2023-10-08T21:48:49","modified_gmt":"2023-10-09T00:48:49","slug":"ergohuman-elite-cinza","status":"publish","type":"product","link":"http:\/\/designemoveis.com.br\/index.php\/product\/ergohuman-elite-cinza\/","title":{"rendered":"Ergohuman Elite ( cinza )"},"content":{"rendered":"<div class=\"swiper-wrapper\">\n<div class=\"swiper-slide swiper-slide-active\" data-swiper-slide-index=\"3\">\n<div class=\"ad-banner detail-banner-css\">\n<div class=\"banner-inner-box inner-box-width black-text fr\"><strong>ERGOHUMAN PROJECT<\/strong><\/div>\n<\/div>\n<\/div>\n<div class=\"swiper-slide swiper-slide-duplicate swiper-slide-next\" data-swiper-slide-index=\"0\">\n<div class=\"ad-banner detail-banner-css\">\n<div class=\"banner-inner-box inner-box-width black-text fr\">\n<h2 class=\"banner-title-h2 MG-bottom\">DESIGN INTELIGENTE<\/h2>\n<p class=\"text-p\">Nosso modelo mais popular \u2013 o Ergohuman Project\u2013 apresenta detalhes de alum\u00ednio mais finos. O controle de alavanca \u00fanica engenhosamente simples opera as tr\u00eas fun\u00e7\u00f5es de cadeira usadas com mais frequ\u00eancia a partir de um \u00fanico ponto de contato (altura do assento, profundidade do assento e inclina\u00e7\u00e3o do encosto).<\/p>\n<\/div>\n<\/div>\n<\/div>\n<\/div>\n<div class=\"swiper-pagination swiper-pagination-clickable swiper-pagination-bullets\"><\/div>\n","protected":false},"excerpt":{"rendered":"<p>CARACTER\u00cdSTICAS<\/p>\n<ul>\n<li>Ajuste de alavanca \u00fanica<\/li>\n<li>Controle de tens\u00e3o<\/li>\n<li>Bloqueio de inclina\u00e7\u00e3o<\/li>\n<li>Suporte lombar autom\u00e1tico<\/li>\n<li>Mecanismo de inclina\u00e7\u00e3o sincronizada<\/li>\n<li>Ajuste de\u00a0altura do assento<\/li>\n<li>Assento em cascata Ajuste de altura do encosto<\/li>\n<li>Ajuste de profundidade do assento<\/li>\n<li>Altura do bra\u00e7o, profundidade e ajuste de rota\u00e7\u00e3o<\/li>\n<li>Encosto de cabe\u00e7a opcional com ajuste de altura e \u00e2ngulo<\/li>\n<li>Cabide opcional<\/li>\n<\/ul>\n","protected":false},"featured_media":152,"comment_status":"open","ping_status":"closed","template":"","meta":[],"product_cat":[20],"product_tag":[],"_links":{"self":[{"href":"http:\/\/designemoveis.com.br\/index.php\/wp-json\/wp\/v2\/product\/110"}],"collection":[{"href":"http:\/\/designemoveis.com.br\/index.php\/wp-json\/wp\/v2\/product"}],"about":[{"href":"http:\/\/designemoveis.com.br\/index.php\/wp-json\/wp\/v2\/types\/product"}],"replies":[{"embeddable":true,"href":"http:\/\/designemoveis.com.br\/index.php\/wp-json\/wp\/v2\/comments?post=110"}],"wp:featuredmedia":[{"embeddable":true,"href":"http:\/\/designemoveis.com.br\/index.php\/wp-json\/wp\/v2\/media\/152"}],"wp:attachment":[{"href":"http:\/\/designemoveis.com.br\/index.php\/wp-json\/wp\/v2\/media?parent=110"}],"wp:term":[{"taxonomy":"product_cat","embeddable":true,"href":"http:\/\/designemoveis.com.br\/index.php\/wp-json\/wp\/v2\/product_cat?post=110"},{"taxonomy":"product_tag","embeddable":true,"href":"http:\/\/designemoveis.com.br\/index.php\/wp-json\/wp\/v2\/product_tag?post=110"}],"curies":[{"name":"wp","href":"https:\/\/api.w.org\/{rel}","templated":true}]}}

<div class="swiper-wrapper">
<div class="swiper-slide swiper-slide-active" data-swiper-slide-index="3">
<div class="ad-banner detail-banner-css">
<div class="banner-inner-box inner-box-width black-text fr"><strong>ERGOHUMAN PROJECT</strong></div>
</div>
</div>
<div class="swiper-slide swiper-slide-duplicate swiper-slide-next" data-swiper-slide-index="0">
<div class="ad-banner detail-banner-css">
<div class="banner-inner-box inner-box-width black-text fr">
<h2 class="banner-title-h2 MG-bottom">DESIGN INTELIGENTE</h2>
<p class="text-p">Nosso modelo mais popular – o Ergohuman Project– apresenta detalhes de alumínio mais finos. O controle de alavanca única engenhosamente simples opera as três funções de cadeira usadas com mais frequência a partir de um único ponto de contato (altura do assento, profundidade do assento e inclinação do encosto).</p>
</div>
</div>
</div>
</div>
<div class="swiper-pagination swiper-pagination-clickable swiper-pagination-bullets"></div>

<p>CARACTERÍSTICAS</p>
<ul>
<li>Ajuste de alavanca única</li>
<li>Controle de tensão</li>
<li>Bloqueio de inclinação</li>
<li>Suporte lombar automático</li>
<li>Mecanismo de inclinação sincronizada</li>
<li>Ajuste de altura do assento</li>
<li>Assento em cascata Ajuste de altura do encosto</li>
<li>Ajuste de profundidade do assento</li>
<li>Altura do braço, profundidade e ajuste de rotação</li>
<li>Encosto de cabeça opcional com ajuste de altura e ângulo</li>
<li>Cabide opcional</li>
</ul>
